)?
2
Let g(j) = j**3 + 21*j**2 + 8*j + 2. Let c be g(-21). Let r = -55 - c. What is the tens digit of r?
1
Let l = 1986 - 1347. What is the hundreds digit of l?
6
Suppose -10*q - q = -2783. What is the tens digit of q?
5
What is the hundreds digit of 5*2*1/((-1)/(-25))?
2
Suppose q = -7 - 5. Let b be (-80)/q*(-108)/10. Let d = 105 + b. What is the units digit of d?
3
Let n(t) = t**3 + 4*t**2 + 13*t + 5. Let f be n(-5). Let w = 152 + f. What is the units digit of w?
7
Suppose -2*t - t + 6 = 2*r, -4*t = r - 3. Let s be 0 + (-29)/(-1) + -1. Let n = s - t. What is the units digit of n?
8
Let y be 2*((-27)/6 - -4). Let v be (y + -2 - -2)*-5. Suppose -5 = -0*t - 2*t + v*u, -45 = -4*t + 3*u. What is the units digit of t?
5
Let w(a) = 7*a**3 - 5*a**2 + 6*a - 60. What is the units digit of w(5)?
0
Suppose -3*o - 2*z + 23 = 0, z - 5 - 1 = -o. Let l(w) = -w**2 + 4*w - 6*w + 2 - o*w. What is the units digit of l(-13)?
2
Suppose n + 30 = 6*n. Suppose 120 = 9*k - n*k. What is the tens digit of k?
4
Suppose -5*c + 6*m + 1093 = 2*m, m = -4*c + 887. Let f = 374 - c. What is the tens digit of f?
5
Let i = 767 - 630. What is the units digit of i?
7
Let b be (-10)/(-2) - (11 - 9). Suppose -4*o - q - 215 = -7*o, b*o - 5*q - 223 = 0. What is the units digit of o?
1
What is the hundreds digit of ((-237)/12*-2)/(13/182)?
5
What is the tens digit of (0 + -113)/(1 + -2)?
1
Suppose 50 = -6*o + 8. What is the tens digit of (-558)/o - (-34)/119?
8
Suppose -8*p + 6948 = p. What is the units digit of p?
2
Let w be (-6)/15 - 240/25. What is the tens digit of -3 + (1 - w) + 2?
1
Let l = -114 - -291. Suppose -l - 168 = -3*h. What is the tens digit of h?
1
Let d(n) be the third derivative of -n**5/30 - 29*n**4/12 - 4*n**3 + 25*n**2 + 2. What is the tens digit of d(-28)?
3
Suppose 2*t + 5 = 3*s, -8*t - 2*s - 60 = -3*t. Let l be (t/6)/(1/57). Let p = -23 - l. What is the tens digit of p?
7
Suppose -6*b + 25 = -11*b, -5*b - 25 = -5*v. Suppose v = -2*q - 4*n + 72, 10*q = 8*q + 2*n + 48. What is the tens digit of q?
2
Let i be (2/(-4))/((-1)/10). Suppose 146 = 5*y - i*x + 3*x, -9 = 3*x. Suppose 2*v = -0*v + y. What is the units digit of v?
4
Let a be -4 + 2 - 1*-3. Let u be a - -3 - (2 - 0). Let z(h) = 3*h - 1. What is the units digit of z(u)?
5
Suppose -10*j = -15*j - 45. Let b(f) = -5*f + 9*f**2 - f + 5*f + f**3 - 3. What is the units digit of b(j)?
6
Suppose 44 + 8 = 4*r - 2*v, 8 = 2*v. Suppose -5*u - j + r = j, 2*u - 22 = -4*j. What is the units digit of u?
1
Let x(v) = -v**2 - 5*v + 13. Let j be x(-8). What is the tens digit of (94 - 0) + (-44)/j?
9
Let u = 397 - 209. What is the tens digit of u?
8
Suppose 5*q + 2*a = 33, a = -5*q + 4*a + 13. Suppose -3*t = 0, -q*m = -2*t - 76 + 31. What is the units digit of m?
9
Suppose -l - 200 = -2*f + 544, 375 = f - 2*l. What is the tens digit of f?
7
Let y = 39 - 2. Let i be (-54)/7 - (-4)/(-14). Let d = i + y. What is the tens digit of d?
2
Suppose 0*u = 50*u - 75350. What is the thousands digit of u?
1
Let x(v) = v**2 - 6*v - 12. Let h be x(10). Let t = h + -24. Suppose -t*d + 84 + 172 = 0. What is the tens digit of d?
6
Suppose -107 = q - 5*x, q + 87 = -2*x - 27. What is the units digit of 9/(-18)*(q - -2)?
5
Suppose 2*y = 5*h - 3*y - 415, 0 = 4*h + 5*y - 296. Suppose 7*u - 310 = -h. What is the units digit of u?
3
Let u(l) be the third derivative of 47*l**6/120 - l**5/30 + l**4/24 + l**2. What is the tens digit of u(1)?
4
Let y(x) = x + 5. Let i be y(-2). Suppose 2*l = i*l - 36. What is the units digit of l?
6
Let t(f) = -3*f - 67. Let w(s) = s. Let u(x) = -t(x) - 2*w(x). What is the units digit of u(0)?
7
Suppose -13*r - 3*r = -6736. What is the hundreds digit of r?
4
Let b = -8 + 34. Suppose -m + 3*q - 6*q - 13 = 0, 4*q + b = 3*m. What is the units digit of m?
2
Let h(z) = 16*z + 18. Let u be h(18). Suppose 0 = -15*a + u + 219. What is the units digit of a?
5
Let d(b) = -3*b - 32. Let i be d(-12). Suppose 66 = -i*v + 6*v. What is the units digit of v?
3
Let l(d) = 8*d - 4. Let v = 6 - 7. Let z = v - -4. What is the units digit of l(z)?
0
Let s(i) = 5*i**2 - 4*i + 9. Let t(d) = -d**2 - d + 1. Let l(a) = -s(a) - 6*t(a). What is the units digit of l(-16)?
1
Let j(h) = h - 1. Let o(q) = -22*q + 22. Let u(s) = -5*j(s) - o(s). Let g be u(9). Suppose 3*x - a - 108 = 0, 4*a + g = 3*x + x. What is the tens digit of x?
3
What is the hundreds digit of (312/(-16)*2)/(9/(-381))?
6
Let y(v) = 52*v - 2. Suppose 3*a - 12 + 6 = 0. What is the units digit of y(a)?
2
What is the units digit of (74412/416 + 1/8)*2?
8
Let a be 10/(-6) - 2/(-3). What is the hundreds digit of (6/(-12))/(a/204)?
1
Let z = 705 - 327. Suppose -6*i + z = -0*i. What is the units digit of i?
3
Let s = 43 - 92. Let z = 289 + s. What is the tens digit of z?
4
Let b = -57 - -97. Let j(z) = -2*z**3 + 2*z**2 - z - 1. Let g be j(-3). Let q = g - b. What is the units digit of q?
4
Suppose -4*j + 9 + 3 = 0. Suppose 8*s + 2*t = 3*s + 218, 41 = s + j*t. What is the units digit of s?
4
Suppose -108*z - 67872 = -136*z. What is the hundreds digit of z?
4
Let g(l) = 68*l - 7. Let v be g(-2). Let o = v + 209. What is the tens digit of o?
6
Let y(w) = w**2 - 14*w - 47. Let v be y(-8). Suppose -v = -5*q + o, -q + 0 = 4*o - 9. What is the tens digit of q?
2
Let v be 6/33 + 62/22. Let y be v/2 - (-3)/6. Suppose -5*q - 117 = -4*k, y*k = -2*k - 4*q + 72. What is the units digit of k?
3
Suppose 2*n - 57 = -n. Suppose 0 = -2*c + 3*h - 6*h + n, -4*h + 12 = c. What is the tens digit of (-188)/(-16) + 2/c?
1
Suppose 4*c = 5*c - 14. Let j = 12 - c. Let a(b) = -9*b - 3. What is the units digit of a(j)?
5
Suppose 5*a = -3*t - 15, -a - 4*t = -5 + 25. Suppose 2*f = -4*m + m + 38, -3*f + m + 57 = a. What is the tens digit of f?
1
What is the tens digit of (44/(-33))/(9231/3078 + -3)?
6
Suppose -x = 3*m - 462, -3*x + 1347 = -6*m + 2*m. What is the hundreds digit of x?
4
Suppose 0 = 2*t - 5*t + 9. Suppose 0*k = -t*k - 5*u + 172, 0 = 3*k - 4*u - 208. What is the units digit of k?
4
Let k be -12*1*(-13)/((-117)/(-6)). Suppose x - 101 = k. What is the units digit of x?
9
Let g be (23 + -23)/(1*-1). Suppose 0 = -3*w - g*w + 183. What is the units digit of w?
1
Suppose 0 = -2*x + 2, 2*m - 5*m + 4*x = 94. Let q = 125 + m. What is the units digit of q?
5
Let d(j) = -45*j**3 - 3*j**2 + 2*j + 1. What is the units digit of d(-2)?
5
Let p be (-1 - -2 - (-4)/6)*3. Suppose -3*o + 532 = -p*t, o - 151 - 13 = -t. What is the hundreds digit of o?
1
Suppose 0 = 4*f, 18130 = 170*v - 165*v + 2*f. What is the units digit of v?
6
Let o(t) = 2*t**2 + 4*t - 2. Let r(j) = -j - 1. Let y(f) = o(f) + 3*r(f). What is the tens digit of y(-6)?
6
Let w be (17/(-34))/((-1)/898). Suppose 6*z = z + 2*p + w, -z + 97 = 2*p. What is the tens digit of z?
9
Let w(l) = 5*l**2 - 14*l + 118. What is the tens digit of w(10)?
7
Let x = -9 + 36. Let i = x + -23. Suppose 4*v = -q + 21, -i*q + 71 = v + 2*v. What is the tens digit of q?
1
Let n(c) = -23*c**3 - 5*c**2 + 5. What is the tens digit of n(-2)?
6
Let r(i) = 6*i**3 - 11*i**2 + 10*i. Let z(q) = -7*q**3 + 12*q**2 - 10*q. Let w(o) = 4*r(o) + 3*z(o). What is the units digit of w(5)?
5
Let k = -23 + 23. Suppose k*s - 6*s = -36. What is the units digit of s?
6
Suppose -3*i + 9 = 0, -n - i + 99 = n. Let a = 84 - n. Let m = 26 + a. What is the units digit of m?
2
Let o = -57 - 53. Let q = -36 - o. What is the tens digit of q?
7
Let f(g) = -g**2 + g + 4. Let p be f(0). Suppose 4*t - 3*c = 8, -t + p*t + c = 19. Suppose 8*b - t*b = 192. What is the units digit of b?
4
Let j be ((-1)/2)/((-1)/(-2)). Let r = -563 + 669. What is the tens digit of j/(r/54 + -2)?
2
Let a(q) = 372*q - 582. What is the hundreds digit of a(13)?
2
Let s(b) = -5*b**2 - 16*b + 14. Let g(x) = -x**2 + 1. Let r(m) = -4*g(m) + s(m). What is the units digit of r(-12)?
8
Suppose 64 = p - 2*p. Let w = 139 + p. What is the tens digit of w?
7
Let y(z) = 4*z**2 - 2*z - 10. What is the units digit of y(-7)?
0
Suppose 181*s = 188*s - 4207. What is the tens digit of s?
0
Let s(d) = 3*d + 6. Let u be s(-2). Let x(g) = -4*g + 11. What is the units digit of x(u)?
1
Let d = -141 - -274. What is the tens digit of d?
3
Suppose h + 2*b = 2104, 5*h - 4*b = 8740 + 1780. What is the hundreds digit of h?
1
Let y = -5 + 4. Let t be (y/(-2))/((-6)/(-48)). Sup